{"id":368,"date":"2021-01-15T08:47:00","date_gmt":"2021-01-15T07:47:00","guid":{"rendered":"https:\/\/l-florescence.be\/?page_id=368"},"modified":"2021-04-08T10:37:49","modified_gmt":"2021-04-08T08:37:49","slug":"formation","status":"publish","type":"page","link":"https:\/\/l-florescence.be\/index.php\/formation\/","title":{"rendered":"Formations"},"content":{"rendered":"\n<p><span class=\"has-inline-color has-black-color\"><strong>Initiation \u00e0 l&rsquo;\u00e9nerg\u00e9tique Ancrage\/Alignement\/centrage<\/strong><\/span> <span class=\"has-inline-color has-black-color\">1\/2 jour<\/span><\/p>\n\n\n\n<p><span class=\"has-inline-color has-black-color\"><em>Objectif: <\/em>connaitre les bases pour commencer \u00e0 prodiguer des soins \u00e9nerg\u00e9tiques.<\/span><\/p>\n\n\n\n<p class=\"has-black-color has-text-color\"><strong>Initiation \u00e0 la purification \u00e9nerg\u00e9tique des maisons<\/strong> 1\/2 jour<\/p>\n\n\n\n<p class=\"has-black-color has-text-color\">Objectif: comprendre et savoir comment nettoyer \u00e9nerg\u00e9tiquement sa maison.<\/p>\n\n\n\n<p><span class=\"has-inline-color has-black-color\"><strong>Initiation au pendule<\/strong><\/span> <span class=\"has-inline-color has-black-color\">1\/2 jour<\/span><\/p>\n\n\n\n<p><span class=\"has-inline-color has-black-color\"><em>Objectif:<\/em> apprendre comment utiliser intelligemment un pendule et ce que cela peut nous apporter.<\/span><\/p>\n\n\n\n<p><strong><span class=\"has-inline-color has-black-color\">Initiation \u00e0 la num\u00e9rologie Tib\u00e9taine<\/span><\/strong> <span class=\"has-inline-color has-black-color\">1\/2 jour<\/span><\/p>\n\n\n\n<p><span class=\"has-inline-color has-black-color\"><em>Objectif:<\/em> d\u00e9couvrir ce que votre date de naissance et vos noms et pr\u00e9noms peuvent vous apporter.<\/span><\/p>\n\n\n\n<p class=\"has-black-color has-text-color\"><strong><span class=\"has-inline-color has-black-color\">Initiation au<\/span> soin \u00e9nerg\u00e9tique <\/strong><span class=\"has-inline-color has-black-color\">1 jour<\/span><\/p>\n\n\n\n<p><span class=\"has-inline-color has-black-color\"><em>Objectif: <\/em>apprendre un type de soin \u00e9nerg\u00e9tique pour pouvoir retrouver un mieux \u00eatre.<\/span><\/p>\n","protected":false},"excerpt":{"rendered":"<p>Initiation \u00e0 l&rsquo;\u00e9nerg\u00e9tique Ancrage\/Alignement\/centrage 1\/2 jour Objectif: connaitre les bases pour commencer \u00e0 prodiguer des soins \u00e9nerg\u00e9tiques. Initiation \u00e0 la purification \u00e9nerg\u00e9tique des maisons 1\/2 jour Objectif: comprendre et savoir comment nettoyer \u00e9nerg\u00e9tiquement sa maison. Initiation au pendule 1\/2 jour Objectif: apprendre comment utiliser intelligemment un pendule et ce que cela peut nous apporter. Initiation [&hellip;]<\/p>\n","protected":false},"author":1,"featured_media":0,"parent":0,"menu_order":0,"comment_status":"closed","ping_status":"closed","template":"","meta":{"footnotes":""},"class_list":["post-368","page","type-page","status-publish","hentry"],"_links":{"self":[{"href":"https:\/\/l-florescence.be\/index.php\/wp-json\/wp\/v2\/pages\/368","targetHints":{"allow":["GET"]}}],"collection":[{"href":"https:\/\/l-florescence.be\/index.php\/wp-json\/wp\/v2\/pages"}],"about":[{"href":"https:\/\/l-florescence.be\/index.php\/wp-json\/wp\/v2\/types\/page"}],"author":[{"embeddable":true,"href":"https:\/\/l-florescence.be\/index.php\/wp-json\/wp\/v2\/users\/1"}],"replies":[{"embeddable":true,"href":"https:\/\/l-florescence.be\/index.php\/wp-json\/wp\/v2\/comments?post=368"}],"version-history":[{"count":8,"href":"https:\/\/l-florescence.be\/index.php\/wp-json\/wp\/v2\/pages\/368\/revisions"}],"predecessor-version":[{"id":406,"href":"https:\/\/l-florescence.be\/index.php\/wp-json\/wp\/v2\/pages\/368\/revisions\/406"}],"wp:attachment":[{"href":"https:\/\/l-florescence.be\/index.php\/wp-json\/wp\/v2\/media?parent=368"}],"curies":[{"name":"wp","href":"https:\/\/api.w.org\/{rel}","templated":true}]}}